{"id":135,"date":"2016-03-31T23:04:22","date_gmt":"2016-03-31T23:04:22","guid":{"rendered":"http:\/\/sgisoftware.com\/websgi\/?page_id=135"},"modified":"2016-03-31T23:10:58","modified_gmt":"2016-03-31T23:10:58","slug":"nuestros-data-centers","status":"publish","type":"page","link":"https:\/\/sgisoftware.com\/websgi\/nuestros-data-centers\/","title":{"rendered":"Nuestros Data Centers"},"content":{"rendered":"<p>Nuestros totalmente redundantes (N + 1), y de clima controlados centros de datos en USA, ofrecen a nuestros clientes la fiabilidad que puede contar.<\/p>\n<p>Tenemos cuatro proveedores Tier 1 ISP en todo momento &#8211; Eso significa que incluso si algo catastr\u00f3fico ocurriere (piense en desastres naturales), tendr\u00edamos varias copias de seguridad para mantener sus datos en funcionamiento.<br \/>\nTambi\u00e9n hemos actualizado nuestros propios routers a nivel de grado operador para una m\u00e1xima eficiencia.<br \/>\nNuestros centros de datos son algunos de los lugares m\u00e1s seguros en la tierra con guardias armados, esc\u00e1neres de mano y b\u00f3vedas cerradas &#8211; al igual que las cosas que se ven en pel\u00edculas de ciencia ficci\u00f3n.<\/p>\n<p>Nuestro fondo es de negocios y tecnolog\u00eda &#8211; y siempre estamos buscando nuevos software, hardware y m\u00e9todos para complementar nuestras herramientas existentes.<br \/>\nNo es s\u00f3lo una cuesti\u00f3n de negocios, sino una cuesti\u00f3n de orgullo a nuestro personal experimentado.<\/p>\n<p>De hecho, tenemos varias veces hemos tenido en cuenta las sugerencias de los clientes y despu\u00e9s de una evaluaci\u00f3n formal, a\u00f1adido funcionalidades para todos nuestros servidores.<\/p>\n<p><em><strong>Hosting r\u00e1pido, fiable y asequible<\/strong><\/em><\/p>\n<p>Nuestra red de alojamiento web se basa en los sistemas operativos r\u00e1pidos y fiables de Linux y Unix . Su rendimiento se monitoriza 24\/7. Esto nos permite responder inmediatamente a problemas a corto plazo, as\u00ed como para hacer crecer nuestro sistema de manera \u00f3ptima &#8211; manteni\u00e9ndolo siempre listo, econ\u00f3mico y totalmente redundante en todo momento .<\/p>\n<p>Mantenerse fiel a esta tecnolog\u00eda y al concepto nos ha permitido ofrecer el registro de nombres de dominio y alojamiento web que constantemente supera a la competencia &#8211; en cuanto a fiabilidad , rapidez y econom\u00eda.<\/p>\n<p>&nbsp;<\/p>\n","protected":false},"excerpt":{"rendered":"<p>Nuestros totalmente redundantes (N + 1), y de clima controlados centros de datos en USA, ofrecen a nuestros clientes la fiabilidad que puede contar. Tenemos cuatro proveedores Tier 1 ISP en todo momento &#8211; Eso significa que incluso si algo catastr\u00f3fico ocurriere (piense en desastres naturales), tendr\u00edamos varias copias de seguridad para mantener sus datos&hellip;<\/p>\n","protected":false},"author":1,"featured_media":0,"parent":0,"menu_order":0,"comment_status":"closed","ping_status":"closed","template":"","meta":[],"_links":{"self":[{"href":"https:\/\/sgisoftware.com\/websgi\/wp-json\/wp\/v2\/pages\/135"}],"collection":[{"href":"https:\/\/sgisoftware.com\/websgi\/wp-json\/wp\/v2\/pages"}],"about":[{"href":"https:\/\/sgisoftware.com\/websgi\/wp-json\/wp\/v2\/types\/page"}],"author":[{"embeddable":true,"href":"https:\/\/sgisoftware.com\/websgi\/wp-json\/wp\/v2\/users\/1"}],"replies":[{"embeddable":true,"href":"https:\/\/sgisoftware.com\/websgi\/wp-json\/wp\/v2\/comments?post=135"}],"version-history":[{"count":3,"href":"https:\/\/sgisoftware.com\/websgi\/wp-json\/wp\/v2\/pages\/135\/revisions"}],"predecessor-version":[{"id":138,"href":"https:\/\/sgisoftware.com\/websgi\/wp-json\/wp\/v2\/pages\/135\/revisions\/138"}],"wp:attachment":[{"href":"https:\/\/sgisoftware.com\/websgi\/wp-json\/wp\/v2\/media?parent=135"}],"curies":[{"name":"wp","href":"https:\/\/api.w.org\/{rel}","templated":true}]}}